 multiple of 603?
True
Is 301345092 a multiple of 18?
True
Does 147 divide 3662906604?
True
Is 137834864 a multiple of 560?
False
Is 76 a factor of 315533280?
False
Is 46804921 a multiple of 2068?
False
Is 9644 a factor of 1258956692?
True
Is 107182348 a multiple of 68?
True
Does 21 divide 74033907?
False
Does 1837 divide 96124699?
True
Is 469714905 a multiple of 5765?
True
Does 95 divide 474562441?
False
Is 80 a factor of 56158720?
True
Is 182597844 a multiple of 2522?
True
Is 116 a factor of 90551119?
False
Does 407 divide 361000453?
True
Is 29251296 a multiple of 4512?
True
Is 8 a factor of 47244248?
True
Does 33 divide 3632546268?
False
Does 900 divide 145535400?
True
Does 10641 divide 751850496?
True
Does 66 divide 165764346?
True
Is 2079465 a multiple of 157?
True
Does 110 divide 184692922?
False
Is 1753013952 a multiple of 9?
True
Does 6856 divide 720711570?
False
Does 373 divide 3476603?
False
Is 379720984 a multiple of 31?
True
Is 304 a factor of 321373?
False
Does 194 divide 34040404?
True
Is 58 a factor of 18085328?
True
Is 28 a factor of 13517990?
False
Is 174 a factor of 485446843?
False
Is 155318130 a multiple of 30?
True
Is 1017238 a multiple of 143?
False
Is 412 a factor of 9611588?
False
Is 70305348 a multiple of 518?
False
Does 18 divide 208130918?
False
Is 427 a factor of 8867936?
True
Is 6397600 a multiple of 550?
True
Is 7086057 a multiple of 82?
False
Is 227 a factor of 4269759?
False
Is 692559345 a multiple of 601?
True
Does 182 divide 651213904?
False
Is 357591791 a multiple of 1679?
False
Does 15 divide 2876616735?
True
Does 196 divide 722324174?
False
Is 37881338 a multiple of 34?
True
Is 4134644 a multiple of 2?
True
Is 146128870 a multiple of 538?
True
Is 78485176 a multiple of 3?
False
Is 5495901 a multiple of 9?
False
Does 1762 divide 50428440?
True
Does 7 divide 508330002?
False
Does 4984 divide 109388832?
True
Is 526 a factor of 12707029?
False
Is 9437182 a multiple of 80?
False
Does 48 divide 7656697?
False
Is 679 a factor of 123194365?
True
Is 6 a factor of 43306036?
False
Does 36 divide 1650312?
True
Is 1414 a factor of 436133654?
False
Is 309134770 a multiple of 3438?
False
Is 5290248434 a multiple of 16943?
True
Is 210 a factor of 2120319638?
False
Does 226 divide 608844?
True
Does 17 divide 1489729722?
False
Is 1818168 a multiple of 12?
True
Is 126 a factor of 176618106?
True
Does 119 divide 94390562?
True
Does 16 divide 785892661?
False
Is 133429049 a multiple of 13?
True
Is 529529073 a multiple of 51?
True
Does 10 divide 8295810?
True
Does 149 divide 24923975?
True
Is 249196396 a multiple of 1162?
False
Is 1597996 a multiple of 221?
False
Does 5268 divide 1200556128?
True
Is 2566975775 a multiple of 35?
True
Is 98949553 a multiple of 67?
True
Is 35270704 a multiple of 5?
False
Is 1149045853 a multiple of 15?
False
Is 36 a factor of 222537002?
False
Is 23 a factor of 1052968148?
False
Is 42 a factor of 7576565?
False
Is 32701786 a multiple of 607?
False
Does 64 divide 46398272?
True
Does 440 divide 93925480?
True
Is 177602986 a multiple of 2259?
False
Does 3474 divide 39099870?
True
Is 58355968 a multiple of 184?
True
Is 127645256 a multiple of 73?
False
Is 18362342 a multiple of 1592?
False
Is 39 a factor of 36510279?
True
Is 2883599650 a multiple of 91?
False
Is 219203760 a multiple of 57?
True
Does 542 divide 22258445?
False
Is 5102160 a multiple of 560?
True
Is 332950090 a multiple of 10?
True
Is 2704217423 a multiple of 16?
False
Does 51 divide 1100442147?
True
Is 8693740 a multiple of 3?
False
Does 365 divide 7356575?
True
Is 1498 a factor of 93680426?
True
Is 182543046 a multiple of 1278?
False
Is 159399189 a multiple of 691?
True
Does 36 divide 57251500?
False
Does 19 divide 1987588658?
False
Is 1898205131 a multiple of 1223?
False
Is 1900130546 a multiple of 298?
True
Is 4 a factor of 37752777?
False
Is 170 a factor of 692096167?
False
Is 45463242 a multiple of 58?
True
Is 863 a factor of 583388?
True
Does 63 divide 88506339?
False
Is 19741758 a multiple of 318?
True
Is 337304 a multiple of 10?
False
Is 144375944 a multiple of 73?
False
Does 886 divide 2546441333?
False
Is 719 a factor of 806293071?
True
Is 1339 a factor of 65575021?
False
Does 63 divide 951161642?
False
Is 5828883606 a multiple of 54?
True
Is 366 a factor of 53243811?
False
Is 40 a factor of 677286120?
True
Does 180 divide 226682280?
True
Is 145 a factor of 424325270?
False
Does 5 divide 18201768?
False
Is 69 a factor of 16355884?
False
Is 40 a factor of 44667636?
False
Does 20 divide 54469199?
False
Does 1294 divide 58266232?
True
Is 147570120 a multiple of 60?
True
Does 109 divide 8316871?
False
Does 3 divide 35864271?
True
Is 15 a factor of 89498265?
True
Is 38933440 a multiple of 40?
True
Does 92 divide 91149736?
True
Is 65 a factor of 138321560?
True
Is 588 a factor of 122056328?
False
Is 97 a factor of 463629410?
False
Is 381598200 a multiple of 101?
True
Does 339 divide 21954822?
False
Is 7 a factor of 3804901?
False
Is 369821223 even?
False
Is 749 a factor of 468125?
True
Does 347 divide 62718862?
True
Is 367589570 a multiple of 415?
True
Is 2074 a factor of 87263550?
True
Is 1654230985 a multiple of 85?
True
Does 14 divide 254485288?
False
Is 141 a factor of 71074716?
True
Is 97 a factor of 651666?
False
Is 2536024 a multiple of 2?
True
Is 4201458244 a multiple of 11366?
False
Is 160642207 a multiple of 11?
True
Is 62401623 a multiple of 103?
True
Is 8 a factor of 5492830?
False
Is 2627 a factor of 1074913233?
True
Is 553 a factor of 193662259?
True
Is 2637090487 a multiple of 361?
False
Is 9975574 a multiple of 122?
True
Is 1396546446 a multiple of 17?
False
Does 783 divide 570888432?
True
Is 1565672672 a multiple of 10?
False
Does 838 divide 558039302?
False
Is 8 a factor of 364699172?
False
Is 189333276 a multiple of 45?
False
Is 1456 a factor of 425473776?
True
Is 2294 a factor of 99722474?
True
Is 2528112560 a multiple of 20?
True
Is 1414 a factor of 1783721408?
True
Does 14 divide 714233927?
False
Is 130435888 a multiple of 695?
False
Is 12 a factor of 41790800?
False
Does 1234 divide 18824960?
False
Is 37 a factor of 145025089?
True
Is 91147505 a multiple of 8529?
False
Is 77 a factor of 1352349999?
True
Does 637 divide 368299386?
True
Is 2326 a factor of 161530594?
False
Does 725 divide 21212367?
False
Is 17308289 a multiple of 43?
False
Is 215 a factor of 10106485?
False
Is 1172298061 a multiple of 11?
True
Does 49 divide 394725911?
False
Is 130455060 a multiple of 30?
True
Is 15167299 a multiple of 1099?
True
Is 38 a factor of 295735228?
True
Is 372669120 a multiple of 288?
True
Does 14 divide 3727877617?
False
Is 100 a factor of 31921200?
True
Is 6814852 a multiple of 116?
False
Is 981 a factor of 31164408?
True
Is 5 a factor of 88805640?
True
Is 240 a factor of 1460661274?
False
Is 110 a factor of 441557756?
False
Is 2675660625 a multiple of 2075?
True
Does 131 divide 280271574?
False
Does 1105 divide 434797610?
True
Is 342513292 a multiple of 11?
True
Is 3 a factor of 4269778?
False
Does 1889 divide 15958272?
True
Does 48 divide 109009377?
False
Is 3455722 a multiple of 2?
True
Is 14 a factor of 21994705?
False
Is 4282568 a multiple of 12?
False
Does 127 divide 22349584?
False
Is 143138 a multiple of 20?
False
Does 30 divide 654227?
False
Does 121 divide 9993339?
False
Does 1650 divide 38445168?
False
Is 2 a factor of 540709677?
False
Is 59211548 a multiple of 452?
True
Is 1048 a factor of 1840039652?
False
Is 36853425 a multiple of 11?
False
Does 1461 divide 14526383?
False
Is 12 a factor of 41014725?
False
Is 274245412 a multiple of 28?
True
Is 10770734 a multiple of 141?
False
Does 401 divide 263941290?
False
Does 15 divide 6966097?
False
Is 42 a factor of 43940568?
True
Is 20147976 a multiple of 4?
True
Is 43893113 a multiple of 11?
True
Is 12907799 a multiple of 4?
False
Is 266170194 a multiple of 42?
False
Is 703473602 a multiple of 6?
False
Does 170 divide 37947740?
True
Is 697107691 a multiple of 17?
False
Is 238 a factor of 1643428148?
False
Does 2 divide 89054812?
True
Is 28701946 a multiple of 338?
True
Does 170 divide 154162072?
False
Does 5 divide 2308745?
True
Is 2404 a factor of 1010777050?
False
Does 21 divide 1195662368?
False
Is 43924627 a multiple of 10?
False
Does 450 divide 1250725